11
Let r = 46 + -24. What is the remainder when r is divided by 5?
2
Let f(i) = 4*i**2 + 29*i - 21. Calculate the remainder when 123 is divided by f(-9).
39
Let l = 84 - 31. Let f(q) = -q - 2. Let b be f(-4). Suppose 0 = b*u - 0*u - 36. Calculate the remainder when l is divided by u.
17
Let u = -65 - -143. Let r = u - 55. What is the remainder when r is divided by 12?
11
Suppose 98 = -5*g - 12. Let m = -11 - g. What is the remainder when 20 is divided by m?
9
Suppose -6 = -3*v + 6. Suppose 18 + 2 = v*c + 3*u, -2*c + 4*u - 12 = 0. Calculate the remainder when 6 is divided by c.
0
Suppose 0 = -m - 3*m - 24. Calculate the remainder when (m/(-4))/(2/68) is divided by 26.
25
Suppose -3*w = 15*w - 810. Calculate the remainder when w is divided by 17.
11
Suppose -10 = -2*i - 0*i - 4*q, 3*i + 5*q = 12. Let l = 17 + i. Let c(d) = 2*d**2 + 4*d - 2. What is the remainder when c(-6) is divided by l?
14
Let v = 31 - -20. Calculate the remainder when v is divided by 27.
24
Suppose -t = -3*h + 3, -4*t - 2*h + 5*h = -24. Calculate the remainder when 88 is divided by t.
7
Suppose 3*y - 136 = -19. Suppose -35 + 7 = -2*x. Calculate the remainder when y is divided by x.
11
Let n(h) = -h**3 + 5*h**2 - 5*h + 2. Let o = 56 - 48. Calculate the remainder when o is divided by n(3).
3
Suppose 51 = 3*z - 3. Suppose 0 = 2*i - 28 + 8. What is the remainder when z is divided by i?
8
Let q = 12 - -23. Suppose 4*z - 100 = 4*a, -4*a - 51 = -a + 5*z. Let r = a + q. Calculate the remainder when 38 is divided by r.
12
Let q = -10 + 28. Suppose 2*x - 2*s + 4 = 18, 2*x - 8 = -s. What is the remainder when q is divided by x?
3
Suppose 110 = 8*z - 2. What is the remainder when 80 is divided by z?
10
Let r(j) = -5*j - 2. Let s(x) = 2*x**2 + 2*x - 1. Let i be s(1). Suppose 40 = i*c + c. What is the remainder when r(-4) is divided by c?
8
Let s(m) = -3*m - 24. What is the remainder when s(-23) is divided by 23?
22
Suppose 3*n - 92 = -n. Let o(y) = -3 - 5*y**3 + 6*y**3 - 2*y**3 - 4*y. What is the remainder when n is divided by o(-2)?
10
Let j = 6 + -11. Let g(x) = -5*x + 7. Calculate the remainder when g(j) is divided by 11.
10
Let x(k) = -k**2 - 5 + 8*k + 0*k**2 + 2*k + 2. Calculate the remainder when 62 is divided by x(6).
20
Let t(a) = 5*a**2 + 3*a + 6. What is the remainder when t(-4) is divided by 25?
24
Let z = 17 - 8. Let o = 14 - z. Calculate the remainder when 17 is divided by o.
2
What is the remainder when 41 is divided by (27/(-15))/(9/(-45))?
5
Let v = -10 - -14. Suppose v*j - 32 + 12 = -4*s, 4*j - 10 = s. What is the remainder when j is divided by 2?
1
Let d = -152 + 195. What is the remainder when d is divided by 20/(-6)*9/(-2)?
13
Suppose -5*d = -5*k + 45, 0 = 2*k - 5*d - 0*d - 24. Suppose 0 = -2*i + r + 33, 3*r + 16 + k = 2*i. What is the remainder when i is divided by 11?
8
Let g(j) = -3*j**3 + 2*j**2 - 1. Let m = -4 + 3. Suppose -4 = -4*d, -5*d - 7 + 0 = -2*p. What is the remainder when p is divided by g(m)?
2
Suppose c - 6*c - h + 38 = 0, 5*c = 5*h + 20. Calculate the remainder when -3*(-2)/(-4)*-8 is divided by c.
5
Let a = -4 - -8. Suppose -2*v = -4*v + 4. Suppose 0 = -v*o + 3*x + 21, 4*x = 5*o - 22 - 20. What is the remainder when o is divided by a?
2
Let q = 0 + 5. Let b(g) = -g**2 + 4*g + 7. Suppose -3*h = -3*v - 21, -4*h = h + 4*v + 1. Calculate the remainder when h is divided by b(q).
1
Let v(b) = 67*b - 1. Suppose 3*r = 4*j + 39, 5*r = -j - 3*j + 97. Calculate the remainder when v(1) is divided by r.
15
Suppose 2*y + 3 = -3. What is the remainder when 28 is divided by 10 - -1 - (4 + y)?
8
Let x(s) = s**2 - 4*s - 4. Suppose 0 = -0*l - 2*l - 8. Let y = 10 + l. What is the remainder when x(7) is divided by y?
5
Let x(a) = a**2 - 5*a - 10. Let o be x(7). Suppose 75 = g + o*g. What is the remainder when 44 is divided by g?
14
Let m = -4 - -20. Let z = m + -7. What is the remainder when 16 is divided by z?
7
Suppose -a = 2*a - 63. What is the remainder when (3 - 2)/(2/(-4)) + 63 is divided by a?
19
Let j(u) = 3*u**3 + 44*u**2 - 18*u - 4. What is the remainder when j(-15) is divided by 23?
18
Let t(f) = -f + 5. What is the remainder when 45 is divided by t(-7)?
9
Suppose b - 4*b - 2*i = -23, 31 = 3*b - 2*i. Calculate the remainder when 52 is divided by b.
7
Let o be 2*(4 + -3)*2. Suppose -o*u + 2 = -5*u, 50 = 5*q + 5*u. Calculate the remainder when 22 is divided by q.
10
Let d(z) = -z**3 - z**2 - 1. Calculate the remainder when 8 is divided by d(-2).
2
Let d = -23 + 48. Let n(r) = 2*r**2 - 11*r + 7. Calculate the remainder when n(8) is divided by d.
22
Suppose 6*t + 3*t = 99. What is the remainder when 17 is divided by t?
6
Suppose 10*b - 12*b + 28 = 0. Calculate the remainder when 69 is divided by b.
13
Let g = -8 + 31. Calculate the remainder when g is divided by 7.
2
Suppose -5*o + 4*o - 5*s + 85 = 0, -2*o = 4*s - 152. Calculate the remainder when o is divided by 19.
13
Suppose 9*p - 8*p - 3 = 0. Calculate the remainder when 10 is divided by p.
1
Suppose -5*g = -g - 68. Calculate the remainder when (-6)/(-24) - 131/(-4) is divided by g.
16
Suppose 1 = -v + 3*a, -3*a - 55 = -4*v - v. What is the remainder when v is divided by 8?
6
Let f = 39 + -25. Let z = -8 + f. Calculate the remainder when 22 is divided by z.
4
Let j(c) be the first derivative of -1 + 5/2*c**2 + 0*c. What is the remainder when j(4) is divided by 11?
9
Suppose 0 = -2*u + 10*u - 200. What is the remainder when 34 is divided by u?
9
Let j = -18 + 39. Let f = 37 - j. Suppose -w - 237 = -5*h, 4*w = 6*h - 2*h - 196. What is the remainder when h is divided by f?
15
Let i be (2 + -3)/(1/(-4)). Let b(f) = f**3 - 7*f**2 - 9*f + 15. Let w be b(8). Let u = i + w. What is the remainder when 19 is divided by u?
8
Suppose 0*n + 64 = n. Let q = n + -30. Suppose 40 = 4*t - 4*x, -3*t - 3*x + q = 2*t. Calculate the remainder when 21 is divided by t.
5
Suppose 2*t = 19 + 27. Calculate the remainder when t is divided by 12.
11
Let p(q) = 14*q - 7. Calculate the remainder when 39 is divided by p(2).
18
Suppose -3*c + 48 = 5*u, u - 3*u = -2*c + 16. Calculate the remainder when 85 is divided by c.
8
Suppose -5*i + 325 + 45 = 0. Let k = -39 + i. What is the remainder when k is divided by 12?
11
Let t(i) = -i**3 + 3*i**2 - i - 2. Let g be t(2). Let l = 2 - g. Suppose -1 = -l*k + k. Calculate the remainder when k is divided by 1.
0
Let j(x) = -x - 4. Suppose 2*h = z, 0*z - 3*h - 2 = -z. Let o be j(z). Suppose o = -2*s - s + 15. Calculate the remainder when 13 is divided by s.
3
Suppose 0*f = -2*f + 26. Let w be -1*4*(-135)/20. Calculate the remainder when 2 + -4 - -1*w is divided by f.
12
Let o(c) = c - 1. Let r(z) = z - 16. Suppose -5 + 3 = 2*l. Let s(m) = l*r(m) + 2*o(m). What is the remainder when s(0) is divided by 5?
4
What is the remainder when (3 + 0 - 2)*134 is divided by 15?
14
Let m(j) = -j**3 - 3*j**2 + 7*j + 1. Suppose 5*q + 3*w = 4*w - 27, -8 = -4*w. What is the remainder when 47 is divided by m(q)?
15
Suppose -5*b + 3 = -47. Let p = 34 - 26. Suppose 30 = 2*u - p. Calculate the remainder when u is divided by b.
9
Suppose 0 = -2*g - 0*g + 4. Let k(z) = 10*z + 2. Let j(x) = 2*x + 12. Calculate the remainder when k(g) is divided by j(0).
10
Let b(j) = -33*j + 6. What is the remainder when b(-5) is divided by 44?
39
Let q be (11/(-4) + 3)*4. Let t(d) = 7*d + 1. Calculate the remainder when 15 is divided by t(q).
7
Suppose d = 2*d - 53. What is the remainder when d is divided by 14?
11
Suppose 0*m + 48 = m. Suppose -37 - 13 = -2*y. What is the remainder when m is divided by y?
23
Suppose -h = -19 + 5. Calculate the remainder when 83 is divided by h.
13
Let l(i) = -15*i + 1. Let u be l(3). Let c = 98 + u. Suppose -3*z + 6*z = 42. What is the remainder when c is divided by z?
12
Let f(m) = m**2 + 3*m + 3. Let d be f(-4). Suppose -d = -4*r + 5. What is the remainder when 3 is divided by r?
0
Let t(b) = -b**2 + 12*b - 31. Suppose 5*h + n - 3 - 2 = 0, 4 = 4*h - 5*n. What is the remainder when h is divided by t(4)?
0
Let l(s) = -s**2 + 3*s - 4. Let z be l(3). Calculate the remainder when 11 is divided by (-105)/(-20) - 3/z.
5
Let r(t) = -2*t**2 + 3*t + 3. Let v be r(3). Let b be 44/(-3) + (-4)/v. What is the remainder when 44 is divided by 7/b + 62/4?
14
Let p(q) = q**2 - 3*q - 5. Let o(s) = -3*s**2 + 2*s**2 - 2*s*